 = -w - v*x. What is the units digit of w?
7
Let t be -3*((-2)/7 - (-167)/21). Let v = 235 + t. What is the tens digit of v?
1
Suppose -4*t = -194 - 46. Let n = t + -42. Let g = -11 + n. What is the units digit of g?
7
Let p(v) = -v**3 + 12*v**2 - 10*v + 2. Let g be p(10). Let o = -30 + g. What is the tens digit of o?
7
Let w(r) = 3*r - 6. Suppose -4*o - j = 23, -j - 11 = 2*o - 2. Let u be w(o). What is the units digit of (-41)/(-3) + (-9)/u?
4
Let n(k) = 431*k + 4. What is the hundreds digit of n(2)?
8
Let l(m) = -m**3 + 20*m - 1. Let u be l(-5). Suppose 4*t - 3*a = 25, 0*a = -3*t + 2*a + 18. Suppose 0*k - u = -t*k. What is the units digit of k?
6
Suppose 0*s - 3*s = -183. Let g = 72 - s. What is the tens digit of g?
1
Suppose -2*b - 16 = -2*t - 7*b, 16 = 2*t + b. Let f(g) = 2*g - 14. Let y be f(t). Suppose 4*u - 2*j - 148 = 0, u + 51 = y*u + 3*j. What is the tens digit of u?
3
Let x(t) = t**3 + 12*t**2 + 11*t - 6. Suppose -d = -3*o - 2*o - 50, 0 = -d. What is the units digit of x(o)?
4
Let a(q) = q**2 - 4*q - 9. Let b be a(5). What is the tens digit of (-6)/b*(-84)/(-9)?
1
Suppose 5*w - 915 = 235. What is the hundreds digit of w?
2
What is the units digit of (1/3*707)/(6/18)?
7
Let p be 4/(-30) - (-13)/(-15). What is the tens digit of 75 + 3 + (p - 1)?
7
Suppose -613 = -r + 2868. What is the thousands digit of r?
3
Let c be 6/(-12)*(27/(-3) - -1). Suppose -257 = c*o - 1117. What is the hundreds digit of o?
2
Let t be (48/30)/(2/5). Suppose 0 = -4*m + t*i - 16, m - 4*i = -0*m - 16. Suppose 5*z + 2 - 27 = m. What is the units digit of z?
5
Suppose -31*c = -29*c - 1016. What is the tens digit of c?
0
Suppose -5*o = -2*o + 72. Let n be (16/o)/((-2)/51). Let i = 42 - n. What is the tens digit of i?
2
Suppose -7*j + 9*j = 112. Let m = j - -5. What is the units digit of m?
1
Suppose 4*b - l = 1314, -1635 = -5*b - 7*l + 12*l. What is the tens digit of b?
2
What is the units digit of ((-100)/(-36) - 3) + (-7888)/(-18)?
8
Suppose 98*b - 87*b = 13827. What is the units digit of b?
7
Let o = 38 + -35. Suppose o*m - 213 = -27. What is the units digit of m?
2
Let o(l) = l**3 + 29*l**2 + 25*l - 45. Suppose 4*h = -4*p - 128, 3*h + 7*p + 104 = 2*p. What is the units digit of o(h)?
9
Suppose 0 = -8*l + 44 + 20. Suppose 3*p = 5*c + 97, -4*c + l = p - 13. What is the units digit of p?
9
Let n be 20/4 - (3 + -1). Suppose -6*m - 4*t - 1 = -m, -n*m + 5*t = -29. Suppose -2*r + w = -m*r + 55, 5*r - 4*w - 239 = 0. What is the tens digit of r?
5
Let r(c) = -8*c**3 - 3*c**2 - 4*c - 4. Let k be r(-2). Let p = k - -9. What is the units digit of p?
5
Let l be ((-18)/(-12))/((-6)/128). What is the tens digit of (30/(-24))/(1/l)?
4
Let q(z) = -2*z + 8. Let w be q(7). Let y = 68 - w. What is the units digit of y?
4
What is the units digit of (2/(-5))/(-3 + (-27956)/(-9320))?
2
Suppose 2 = -4*c - 2. Let i(n) = -n**2 + 1. Let u be i(c). Suppose -4*r + 5*j + 103 = -0*j, 4*j + 12 = u. What is the tens digit of r?
2
Let s = 2659 + -1713. Suppose -10*a + 594 = -s. What is the hundreds digit of a?
1
Let b(h) be the second derivative of h**4/12 + h**3 + 3*h**2 + 4*h. Let j be b(-4). Let d = j + 27. What is the units digit of d?
5
Let n(u) = 10*u**2 - 92 + 92 - u**3 + 5*u. What is the hundreds digit of n(7)?
1
Suppose -5*x - 2*y + 12 = 0, -3*x + x = -3*y - 1. Suppose k = -x*t - 6, 0 = -t + 2*t + k + 4. What is the tens digit of t + (-39)/((-9)/3)?
1
What is the units digit of ((-1 - 2)/9)/((-5)/18045)?
3
Let k = -217 + 245. Suppose -2 = 3*j - 11. Suppose -j*w = w - k. What is the units digit of w?
7
Suppose -14*h + 6*h = -224. Suppose t + h = -4*q + 155, 0 = -2*q - 2*t + 68. What is the units digit of q?
1
Let r be (-2 + 20/12)*-3. What is the tens digit of (7/4)/((-138)/(-136) - r)?
1
Let l(o) = 65*o - 9. What is the hundreds digit of l(7)?
4
Suppose 16*o - 36730 - 13526 = 0. What is the thousands digit of o?
3
Let h(u) = -u**3 - 9*u**2 - 3*u - 28. Let z be h(-9). What is the units digit of (30/(-4) - 2)/(z/12)?
4
Suppose -l + r + 663 = 0, -2280 = -5*l - 3*r + 1051. What is the tens digit of l?
6
Let c(o) = -474*o + 39. What is the units digit of c(-1)?
3
Let w = -1278 + 2262. Suppose 3*l - w = -l. What is the tens digit of l?
4
Suppose -10*m + 17*m = 18928. What is the thousands digit of m?
2
Let y(f) = 3*f**2 + 14*f + 14. What is the tens digit of y(6)?
0
Let j = -7 - -7. Suppose j = 10*b - 1 - 39. What is the units digit of b?
4
Let l be -16 + 2 + (-2)/(-2). Let y = l + 16. Suppose -42 = -x - 4*r + 8, 2*x - 115 = -y*r. What is the tens digit of x?
6
Let h = 27 - 27. Let f be 37 - (h + 3 + -5). Let m = 5 + f. What is the units digit of m?
4
Let h(c) = 3*c + 27. Let s be h(-6). What is the units digit of (-1)/3 - (-1 + (-489)/s)?
5
Let c be (20/(-25))/((-2)/5). Let o be 6*(20/8 - c). Suppose 0 = -4*g - o + 27. What is the units digit of g?
6
Suppose -5*t + 31 = 201. Let f = t + 51. What is the units digit of f?
7
Let l(k) = -k**3 + k**2 + 14. Let t be l(0). Suppose -9*v + 56 = -52. Let g = t - v. What is the units digit of g?
2
Let f be (3 - -81)/4*-1. Let b = 18 - f. Suppose -y - b = -z, -2*y = -z + 2 + 38. What is the units digit of z?
8
Suppose 27*v - 41 = 1714. What is the tens digit of v?
6
Let c(s) = -s - 7. Let o be c(-3). Let b be -1 - 2*2/o. Let z(d) = -d**2 - d + 18. What is the tens digit of z(b)?
1
Suppose 0 = 3*v - v - 4. Suppose 11 - 1 = -v*g, -3*a + g + 89 = 0. What is the units digit of a + -4 + 1*-1?
3
Suppose -1234 = -5*b + 3*b + 4*l, -4*b = 2*l - 2488. What is the tens digit of b?
2
Suppose 2 = -2*d + 3*d. What is the hundreds digit of d + ((-1461)/(-6) - (-6)/(-12))?
2
Let d(q) = -4*q**3 - 49*q**2 - 32*q - 43. What is the units digit of d(-12)?
7
Let n be ((-16)/(-6))/((-2)/33). Let o = 90 + n. What is the tens digit of o?
4
Let v(u) = -4*u**3 - 11*u**2 - 14*u - 77. What is the thousands digit of v(-11)?
4
Suppose -20 = 4*t, 0 = -3*y - 0*y + 4*t + 119. Suppose f = -3*f + 4*v - 92, -f + 4*v - 35 = 0. Let p = f + y. What is the tens digit of p?
1
Suppose 422 = 5*d - n - 2*n, 167 = 2*d - 3*n. Suppose -4*o - 3*g + 237 = -d, 0 = 5*g + 10. What is the tens digit of o?
8
Suppose -5*g - 121 = -4*b - 2, 5*g = 5*b - 145. Let y = b - 8. Let s = 38 - y. What is the units digit of s?
0
Suppose 3*z + 4587 = 5*y + 1851, -3*y + 5*z = -1632. What is the units digit of y?
9
What is the hundreds digit of (8/(-24))/(2/(-18)) + 2368?
3
What is the hundreds digit of -15*9*(4 - (6 + -1))?
1
Let z(x) = 32*x + 1196. What is the thousands digit of z(63)?
3
Let w(v) = -7*v + 97. Let k be w(18). Let d = -25 - -11. Let l = d - k. What is the units digit of l?
5
Let d be (1 + -1*0/(-1))*194. Suppose p - 3*c = d, -4*p = -14*c + 15*c - 828. What is the tens digit of p?
0
Let v(o) be the third derivative of o**4/3 + 10*o**3/3 - 7*o**2. What is the tens digit of v(11)?
0
Suppose -2*u = -26 + 76. What is the units digit of (-10)/u + (-92)/(-20)?
5
Suppose -67066 = -56*k + 2486. What is the units digit of k?
2
Let d(s) = 66*s**2 + 28*s - 46. What is the thousands digit of d(4)?
1
Let i(v) = -3*v + 381. What is the hundreds digit of i(9)?
3
Suppose -5*u + 18 = -v - 0*u, 3*u = 12. Let x(c) = -c + 6. Let s be x(v). Suppose a + 2 = -3*i, 2*i + i = s*a - 67. What is the units digit of a?
3
Let c = -250 + 120. Let t = c + 210. What is the units digit of t?
0
Let b be (-91)/(-26) + (-2)/(-4). Let n = b + -3. What is the units digit of n?
1
Let a = -7 + 7. Suppose m = -a*m + 4. Let f(d) = 2*d**2 - 4. What is the units digit of f(m)?
8
Let p be 78/24 + (-9)/(-12). Let n(q) = 8*q**2 - 3*q - 5. What is the hundreds digit of n(p)?
1
Suppose 10*t + 165 = 5*t. Let k = 75 + t. What is the units digit of (8/12)/(1/k)?
8
Let m(v) = -2194*v**3 + 4*v**2 + 7*v + 2. What is the thousands digit of m(-1)?
2
Let f = 5 - -2. Let g(r) = 13*r + 4. Let d be g(f). Suppose -2*q - 2*q + d = x, 2*x + 85 = 3*q. What is the units digit of q?
5
Let s = -436 - -727. Let r = s - 105. What is the tens digit of r?
8
Suppose 4*p + 1109 = 7*p - 4*f, p = 3*f + 373. What is the units digit of p?
7
Let t = -21 - -23. Suppose 4*z = 5*p - 45, 0*p - z + 5 = t*p. Suppose 18 + 44 = p*b - 4*h, -4*h - 22 = -b. What is the tens digit of b?
1
Suppose n - 5*u + 53 = -0*n, 5*n + 202 = 4*u. Let j = n - -40. What is the units digit of j?
2
What is 